 prime number?
False
Is 8999 composite?
False
Is 21467 composite?
False
Is 157393 a prime number?
True
Is 331067 composite?
True
Is 479 a composite number?
False
Is 637433 a prime number?
False
Is 6671 composite?
True
Is 104267 a prime number?
False
Is 419 a prime number?
True
Is 658411 composite?
True
Is 18514 prime?
False
Is 570359 a composite number?
False
Is 12799 prime?
True
Is 339211 a prime number?
True
Is 66587 composite?
False
Is 22786 composite?
True
Is 824821 a prime number?
True
Is 12739 composite?
False
Is 367507 a prime number?
False
Is 38419 a prime number?
False
Is 3047 a composite number?
True
Is 59807 a prime number?
False
Is 223 prime?
True
Is 132917 a prime number?
False
Is 7321 a composite number?
False
Is 79481 prime?
True
Is 82883 prime?
True
Is 26794 composite?
True
Is 22339 prime?
False
Is 4619 prime?
False
Is 454183 composite?
False
Is 1169513 a prime number?
True
Is 31009 a composite number?
True
Is 109 prime?
True
Is 1408763 a prime number?
True
Is 1255573 composite?
True
Is 25573 prime?
False
Is 2351413 composite?
True
Is 39341 prime?
True
Is 761177 a prime number?
True
Is 10487 a composite number?
False
Is 3205 prime?
False
Is 168347 composite?
False
Is 81961 a prime number?
False
Is 31379 a composite number?
False
Is 46261 composite?
False
Is 52609 composite?
False
Is 73109 prime?
False
Is 612497 a composite number?
False
Is 29787 a prime number?
False
Is 3158 composite?
True
Is 273291 a composite number?
True
Is 156649 a composite number?
True
Is 82583 a composite number?
True
Is 22759 prime?
False
Is 6163 composite?
False
Is 233113 a composite number?
False
Is 860429 prime?
False
Is 278867 prime?
True
Is 3511 a prime number?
True
Is 34283 a composite number?
False
Is 73046 composite?
True
Is 53239 prime?
True
Is 55135 a prime number?
False
Is 1354673 a prime number?
False
Is 287 a prime number?
False
Is 196221 a composite number?
True
Is 142583 prime?
False
Is 624179 a composite number?
True
Is 4213 a prime number?
False
Is 144139 composite?
False
Is 207203 a prime number?
False
Is 62461 a prime number?
False
Is 5747 a prime number?
False
Is 118315 prime?
False
Is 15427 composite?
False
Is 2660107 composite?
False
Is 25967 a composite number?
True
Is 1202 prime?
False
Is 25589 composite?
False
Is 343839 prime?
False
Is 9391 prime?
True
Is 1381 a composite number?
False
Is 1893 composite?
True
Is 320267 a composite number?
False
Is 4874 a composite number?
True
Is 28115 composite?
True
Is 13273 a composite number?
True
Is 59863 a composite number?
False
Is 605617 a prime number?
True
Is 13819 a composite number?
True
Is 171563 composite?
True
Is 27167 prime?
False
Is 117911 composite?
False
Is 221269 a prime number?
False
Is 15131 a composite number?
False
Is 434677 a composite number?
True
Is 22961 composite?
False
Is 1678097 composite?
True
Is 7509 a prime number?
False
Is 4082053 composite?
False
Is 7699 composite?
False
Is 22735 a composite number?
True
Is 1153483 composite?
False
Is 592589 composite?
False
Is 158659 composite?
True
Is 383821 a prime number?
True
Is 22181 a composite number?
True
Is 3369 prime?
False
Is 22733 a composite number?
True
Is 35417 a prime number?
False
Is 1768367 a prime number?
True
Is 35611 a prime number?
False
Is 44927 prime?
True
Is 213 composite?
True
Is 113519 a prime number?
False
Is 1907 a prime number?
True
Is 120793 prime?
False
Is 2915527 composite?
False
Is 2616019 a composite number?
True
Is 37831 prime?
True
Is 115057 a composite number?
False
Is 25435 prime?
False
Is 452149 prime?
False
Is 701579 a composite number?
False
Is 541207 composite?
True
Is 34781 prime?
True
Is 78871 prime?
False
Is 14719 prime?
False
Is 967 a prime number?
True
Is 10929 composite?
True
Is 1273607 prime?
False
Is 57181 composite?
True
Is 1770297 composite?
True
Is 2497 a composite number?
True
Is 48947 a prime number?
True
Is 122443 a composite number?
False
Is 3589 a prime number?
False
Is 41027 composite?
True
Is 7679 composite?
True
Is 22433 composite?
False
Is 160201 composite?
False
Is 10583 prime?
False
Is 2861 prime?
True
Is 1343 a composite number?
True
Is 42683 a prime number?
True
Is 6823 a composite number?
False
Is 228093 composite?
True
Is 27179 prime?
True
Is 8353 a composite number?
False
Is 20199 composite?
True
Is 100127 a composite number?
True
Is 74721 a composite number?
True
Is 182909 a composite number?
True
Is 7507 a prime number?
True
Is 159535 a composite number?
True
Is 8419 prime?
True
Is 131101 a prime number?
True
Is 24631 prime?
True
Is 1041 a prime number?
False
Is 16009 a composite number?
True
Is 320003 composite?
True
Is 23711 prime?
False
Is 997 prime?
True
Is 153817 prime?
True
Is 238517 a prime number?
False
Is 24131 a prime number?
False
Is 115309 a composite number?
False
Is 146467 composite?
True
Is 1364945 composite?
True
Is 78839 composite?
False
Is 396833 composite?
False
Is 19643 prime?
False
Is 818561 composite?
False
Is 347969 composite?
False
Is 20873 composite?
False
Is 48613 prime?
False
Is 765383 a prime number?
True
Is 88313 composite?
True
Is 198329 a prime number?
False
Is 2459 composite?
False
Is 21151 prime?
False
Is 15727 a prime number?
True
Is 358259 a prime number?
False
Is 479323 composite?
True
Is 376501 composite?
False
Is 283763 prime?
True
Is 234263 prime?
False
Is 12323 prime?
True
Is 17774 a composite number?
True
Is 107923 prime?
True
Is 14909 a prime number?
False
Is 334889 prime?
True
Is 174659 a composite number?
False
Is 123887 a prime number?
True
Is 32347 composite?
True
Is 45949 a composite number?
False
Is 428663 a prime number?
True
Is 6667 prime?
False
Is 7115 prime?
False
Is 11771 prime?
False
Is 208189 a prime number?
True
Is 2163617 a prime number?
False
Is 5509 composite?
True
Is 203323 a prime number?
True
Is 630659 prime?
True
Is 3137 a prime number?
True
Is 7279 a composite number?
True
Is 957083 composite?
True
Is 20365 a composite number?
True
Is 95311 a prime number?
True
Is 22889 a prime number?
False
Is 43523 a prime number?
False
Is 4547 prime?
True
Is 1596163 a prime number?
True
Is 9974 a composite number?
True
Is 4987 a prime number?
True
Is 1309183 composite?
True
Is 2503 a composite number?
False
Is 1464497 prime?
False
Is 85611 a composite number?
True
Is 36989 composite?
True
Is 421261 a composite number?
True
Is 38531 composite?
True
Is 2069629 prime?
True
Is 12151 prime?
False
Is 163601 a composite number?
False
Is 388421 a composite number?
True
Is 245773 a composite number?
True
Is 751783 a prime number?
False
Is 3049 a composite number?
False
Is 6001 composite?
True
Is 153101 prime?
False
Is 16999 a prime number?
False
Is 6701 composite?
False
Is 6791 a prime number?
True
Is 845099 composite?
False
Is 240701 prime?
True
Is 2345047 a composite number?
False
Is 72715 a composite number?
True
Is 65389 a prime number?
False
Is 498173 a composite number?
True
Is 11987 a prime number?
True
Is 499601 prime?
True
Is 1440533 composite?
False
Is 57173 a composite number?
False
Is 1002619 prime?
True
Is 6139511 a prime number?
False
Is 1848419 composite?
True
Is 217211 composite?
True
Is 3809 a composite number?
True
Is 105377 prime?
False
Is 62003 a composite number?
False
Is 162859 a composite number?
False
Is 12409 a prime number?
True
Is 15817 prime?
True
Is 24439 composite?
False
Is 46021 composite?
False
Is 31379 a prime number?
True
Is 64457 a prime number?
False
Is 12841 prime?
True
Is 10019 composite?
True
Is 236981 a composite number?
False
Is 80141 prime?
True
Is 7723 a prime number?
True
Is 91101 composite?
True
Is 39521 composite?
False
Is 20341 a prime number?
True
Is 71191 prime?
True
Is 221159 composite?
False
Is 1006679 composite?
True
Is 5779 a composite number?
False
Is 38401 a prime number?
False
Is 65495 a prime number?
False
Is 10223 a composite number?
False
Is 18181 a prime number?
True
Is 2306449 a composite number?
False
Is 857929 a composite number?
False
Is 401743 composite?
False
Is 893317 a composite number?
False
Is 4589 a prime number?
False
Is 4957 a prime number?
True
Is 3029 a prime number?
False
Is 3221 a composite number?
False
Is 7451 a composite number?
False
Is 84629 a composite number?
False
Is 13523 composite?
False
Is 434293 a composite number?
False
